44
Calculate the remainder when 70 is divided by 19.
13
What is the remainder when 63 is divided by 10?
3
What is the remainder when 91 is divided by 82?
9
What is the remainder when 427 is divided by 24?
19
What is the remainder when 453 is divided by 229?
224
Calculate the remainder when 298 is divided by 157.
141
Calculate the remainder when 554 is divided by 28.
22
What is the remainder when 1278 is divided by 9?
0
Calculate the remainder when 208 is divided by 14.
12
What is the remainder when 330 is divided by 84?
78
Calculate the remainder when 119 is divided by 60.
59
Calculate the remainder when 551 is divided by 148.
107
What is the remainder when 37 is divided by 14?
9
What is the remainder when 17 is divided by 16?
1
What is the remainder when 368 is divided by 88?
16
What is the remainder when 4731 is divided by 237?
228
Calculate the remainder when 105 is divided by 53.
52
What is the remainder when 555 is divided by 74?
37
Calculate the remainder when 271 is divided by 17.
16
What is the remainder when 198 is divided by 17?
11
What is the remainder when 1325 is divided by 95?
90
Calculate the remainder when 28292 is divided by 24.
20
What is the remainder when 165 is divided by 24?
21
Calculate the remainder when 125 is divided by 26.
21
What is the remainder when 148 is divided by 6?
4
What is the remainder when 486 is divided by 137?
75
Calculate the remainder when 527 is divided by 54.
41
What is the remainder when 267 is divided by 15?
12
What is the remainder when 156 is divided by 38?
4
Calculate the remainder when 1041 is divided by 7.
5
What is the remainder when 352 is divided by 115?
7
Calculate the remainder when 6576 is divided by 53.
4
Calculate the remainder when 600 is divided by 220.
160
What is the remainder when 462 is divided by 40?
22
What is the remainder when 488 is divided by 154?
26
What is the remainder when 204 is divided by 16?
12
What is the remainder when 20501 is divided by 88?
85
What is the remainder when 1588 is divided by 200?
188
What is the remainder when 3564 is divided by 31?
30
Calculate the remainder when 8804 is divided by 78.
68
Calculate the remainder when 153 is divided by 26.
23
Calculate the remainder when 895 is divided by 32.
31
Calculate the remainder when 4 is divided by 2.
0
What is the remainder when 68 is divided by 52?
16
What is the remainder when 161 is divided by 41?
38
What is the remainder when 212 is divided by 31?
26
What is the remainder when 82 is divided by 24?
10
What is the remainder when 80 is divided by 34?
12
Calculate the remainder when 1082 is divided by 1015.
67
What is the remainder when 2717 is divided by 105?
92
What is the remainder when 132 is divided by 17?
13
Calculate the remainder when 4043 is divided by 119.
116
What is the remainder when 926 is divided by 31?
27
What is the remainder when 2992 is divided by 120?
112
What is the remainder when 377 is divided by 365?
12
What is the remainder when 35 is divided by 8?
3
Calculate the remainder when 398 is divided by 81.
74
What is the remainder when 30 is divided by 7?
2
What is the remainder when 2694 is divided by 142?
138
Calculate the remainder when 603 is divided by 36.
27
Calculate the remainder when 71 is divided by 14.
1
What is the remainder when 405 is divided by 37?
35
Calculate the remainder when 131 is divided by 42.
5
What is the remainder when 23050 is divided by 102?
100
Calculate the remainder when 4150 is divided by 21.
13
Calculate the remainder when 140 is divided by 33.
8
Calculate the remainder when 103 is divided by 36.
31
Calculate the remainder when 64 is divided by 24.
16
Calculate the remainder when 510 is divided by 57.
54
Calculate the remainder when 1596 is divided by 133.
0
What is the remainder when 1722 is divided by 28?
14
What is the remainder when 1093 is divided by 235?
153
What is the remainder when 600 is divided by 123?
108
What is the remainder when 6326 is divided by 15?
11
What is the remainder when 101 is divided by 21?
17
Calculate the remainder when 344 is divided by 16.
8
What is the remainder when 75 is divided by 30?
15
What is the remainder when 2698 is divided by 30?
28
What is the remainder when 1539 is divided by 28?
27
Calculate the remainder when 507 is divided by 73.
69
Calculate the remainder when 18807 is divided by 110.
107
What is the remainder when 171 is divided by 6?
3
What is the remainder when 6172 is divided by 106?
24
Calculate the remainder when 93 is divided by 75.
18
Calculate the remainder when 2595 is divided by 25.
20
What is the remainder when 51 is divided by 30?
21
Calculate the remainder when 580 is divided by 124.
84
Calculate the remainder when 314 is divided by 3.
2
Calculate the remainder when 164 is divided by 52.
8
What is the remainder when 674 is divided by 62?
54
Calculate the remainder when 1586 is divided by 227.
224
Calculate the remainder when 624 is divided by 284.
56
What is the remainder when 2202 is divided by 1091?
20
What is the remainder when 287 is divided by 128?
31
What is the remainder when 6707 is divided by 78?
77
Calculate the remainder when 228 is divided by 62.
42
What is the remainder when 1717 is divided by 86?
83
What is the remainder when 285 is divided by 275?
10
What is the remainder when 58 is divided by 14?
2
What is the remainder when 99 is divided by 27?
18
Calculate the remainder when 1007 is divided by 36.
35
What is the remainder when 2222 is divided by 25?
22
Calculate the remainder when 190 is divided by 33.
25
What is the remainder when 58 is divided by 40?
18
What is the remainder when 251 is divided by 127?
124
Calculate the remainder when 7730 is divided by 85.
80
Calculate the remainder when 35 is divided by 15.
5
Calculate the remainder when 313 is divided by 28.
5
What is the remainder when 6508 is divided by 74?
70
What is the remainder when 8501 is divided by 24?
5
Calculate the remainder when 1749 is divided by 577.
18
Calculate the remainder when 26 is divided by 4.
2
Calculate the remainder when 963 is divided by 45.
18
Calculate the remainder when 294 is divided by 144.
6
Calculate the remainder when 271 is divided by 91.
89
Calculate the remainder when 269 is divided by 3.
2
What is the remainder when 1788 is divided by 56?
52
Calculate the remainder when 280 is divided by 19.
14
Calculate the remainder when 119 is divided by 42.
35
Calculate the remainder when 251 is divided by 52.
43
Calculate the remainder when 1450 is divided by 41.
15
Calculate the remainder when 1947 is divided by 93.
87
What is the remainder when 161 is divided by 21?
14
What is the remainder when 707 is divided by 10?
7
What is the remainder when 1181 is divided by 293?
9
Calculate the remainder when 226 is divided by 46.
42
Calculate the remainder when 865 is divided by 38.
29
Calculate the remainder when 480 is divided by 161.
158
Calculate the remainder when 200 is divided by 103.
97
What is the remainder when 104 is divided by 6?
2
Calculate the remainder when 475 is divided by 80.
75
Calculate the remainder when 2838 is divided by 67.
24
Calculate the remainder when 1114 is divided by 86.
82
Calculate the remainder when 298 is divided by 19.
13
Calculate the remainder when 328 is divided by 33.
31
What is the remainder when 150 is divided by 14?
10
Calculate the remainder when 900 is divided by 19.
7
What is the remainder when 4483 is divided by 39?
37
Calculate the remainder when 13185 is divided by 1882.
11
Calculate the remainder when 2422 is divided by 346.
0
What is the remainder when 73 is divided by 26?
21
Calculate the remainder when 20 is divided by 5.
0
What is the remainder when 197 is divided by 29?
23
Calculate the remainder when 524 is divided by 178.
168
Calculate the remainder when 45638 is divided by 35.
33
What is the remainder when 130 is divided by 19?
16
What is the remainder when 145 is divided by 4?
1
What is the remainder when 1278 is divided by 5?
3
What is the remainder when 317 is divided by 14?
9
What is the remainder when 3132 is divided by 1553?
26
What is the remainder when 181 is divided by 41?
17
Calculate the remainder when 105 is divided by 53.
52
What is the remainder when 272 is divided by 31?
24
What is the remainder when 90 is divided by 78?
12
W